 -j - t*j = -27. Suppose j*d - 4*d = 3*s + 15, 3*d = 0. Give c(s).
-4
Let r(i) = -i**3 + 6*i**2 + 7. Let t = 4 + 2. Give r(t).
7
Let w(b) = -5*b**3 - 2*b + 1. Let p(o) = -o**3 - 5*o**2 - 4*o. Let i be p(-4). Suppose 5 = 5*v - i. Give w(v).
-6
Let o = 5 + -3. Suppose -o*n = 2*g - 6, -8*g - 5*n + 13 = -4*g. Let p(f) = -2*f + 1. Determine p(g).
-3
Suppose 0 = 3*u - 2*u - 4. Suppose -4*r = -u*f + 4 - 28, 14 = r - 5*f. Let k(s) = s**2 - 3*s - 1. Give k(r).
3
Let d(t) be the second derivative of t**3/6 + t**2 - t. Let r be 5/(10/(-6)) - -6. Let s = -5 + r. What is d(s)?
0
Suppose 7*i - 4 = 5*i. Let n(y) be the third derivative of 0*y + 0 + 0*y**3 - y**i - 1/24*y**4. What is n(0)?
0
Let k(h) be the third derivative of -7*h**5/60 + h**3/6 + 15*h**2. Suppose -v - 2*y = -y + 1, -1 = v + 3*y. Calculate k(v).
-6
Suppose -g + 5*g = 0. Suppose g = 3*f - 15 - 0. Let c(k) = -f*k + 4*k - 8 - 2*k + 4*k. Give c(0).
-8
Suppose 30 = u + u. Suppose 0 = m + 2*m + u. Let c(s) be the first derivative of -3*s**2/2 - 6*s - 1. What is c(m)?
9
Suppose -2*w = 2*w + 8. Let l = w + 2. Let y(f) = 15*f + 4. Let x(k) = -7*k - 2. Let g(d) = 13*x(d) + 6*y(d). Determine g(l).
-2
Let h be (-4)/(-14) + 2/(-7). Let s = -4 - -4. Let a = h + s. Let m(r) = r**2 - r + 6. What is m(a)?
6
Let b(r) = r**2 + 7*r - 4. Let f(t) = -t**3 - 8*t**2 + t. Let q be f(-8). Let u be b(q). Let n(x) = 5*x - 1 + 1 - x**2. Give n(u).
4
Let j(r) be the first derivative of r**2/2 + 5*r + 30. Calculate j(6).
11
Let t(k) be the second derivative of -3*k**3/2 + 2*k. Determine t(1).
-9
Let c(g) be the third derivative of g**4/24 + 4*g**3/3 + 18*g**2. Calculate c(-7).
1
Suppose 4*h - 30 = h. Let p(b) = 6 + b**3 + 0*b**2 - 5*b**2 - h + 10. Calculate p(5).
6
Suppose 2*r - 8 = -0. Let i(o) be the second derivative of o**2 + 1/6*o**3 + 0 + o. Give i(r).
6
Suppose 0 = 6*o - o + 20. Let b be (-3)/((-24)/o)*4. Let w(r) be the second derivative of -r**4/12 - r**3/6 - r**2/2 + r. What is w(b)?
-3
Let a(q) = 2*q**2 - 4*q**2 + 3*q**2 + 2*q. Suppose -8*p + 9 = -5*p. Suppose -p*y + 20 = -2*w, -2*w + 3*y = y + 16. What is a(w)?
8
Let f(x) = -9*x**3 - 8*x**2 + x + 10. Let k(a) = 5*a**3 + 4*a**2 - a - 5. Let y(d) = -6*f(d) - 11*k(d). What is y(5)?
-5
Let l be (-1)/1 + 6/2. Let t(o) = -4*o - 2*o - 6 + 13 + o**l. Calculate t(6).
7
Let l(y) = 4*y + 2. Suppose r - 4*n - 47 = 0, -128 = -4*r + 2*n + 2*n. Suppose -4*m - r = -15. What is l(m)?
-10
Let b(c) = -3*c**2 + 6. Let f(r) = 4*r**2 + r - 7. Let s(m) = -m - 13. Let i be s(-10). Let q(y) = i*b(y) - 2*f(y). What is q(4)?
4
Let v = -8 + 10. Let p(u) = -9*u**2 - 5*u**2 + v*u + 16*u**2. Determine p(-3).
12
Let r(s) = -5*s - 1. Let g be 11/4 - 15/20. Calculate r(g).
-11
Let s(w) = -w**3 + 4*w**2 + 3*w - 6. Suppose -3*v - 3 - 15 = -3*j, 0 = 4*v - 5*j + 28. Let q be ((-8)/(-2)*-2)/v. Calculate s(q).
6
Let l(h) be the first derivative of 1 - 1/120*h**6 - h**2 - 1/6*h**3 + 0*h - 1/20*h**5 + 1/12*h**4. Let w(y) be the second derivative of l(y). Give w(-3).
-7
Let u be 9/(-15) + (-3)/(-5). Let d(m) be the second derivative of u - 1/2*m**2 - m + 1/12*m**4 + 2/3*m**3. What is d(-3)?
-4
Let q(n) = n - 2. Let a be (-5)/3*(0 + -3). What is q(a)?
3
Let z(p) = -30*p**3 - 5*p + 38*p**3 - 6*p**2 - 1 - 9*p**3 + 6. Determine z(-5).
5
Let n(i) = -i**3 - 5*i**2 - 6*i - 2. Let c be n(-4). Let f(h) be the second derivative of h**3/6 - h**2 - 4*h. Give f(c).
4
Let g(k) = -1 + k + 0 - 2 + 0. What is g(6)?
3
Suppose -14*o + 30 = -9*o. Let q(b) = -b**2 + 4*b + 1. Determine q(o).
-11
Suppose a = 3 + 2. Let y(c) = c**2 - 6*c + 6. Calculate y(a).
1
Suppose s + 6 = 2. Let n(t) = t**3 + 6*t**2 + 7*t + 4. Give n(s).
8
Let u = -14 + 17. Let h(g) = g**3 - 4*g**2 + 4*g - 2. Calculate h(u).
1
Let s(t) = t**3 + 10*t**2 - 12*t + 13. Let v be s(-11). Suppose -5*u - 27 = -5*y + 8, -4*u = -3*y + v. Let j(b) = 2*b - 2 - 1 - b. Determine j(u).
-6
Suppose 0 = -5*j - 5 + 40. Let i(n) = -n + 7. Let c be i(j). Let m(z) = z**2 + 4. What is m(c)?
4
Let n = -1 - -11. Let z = n - 10. Let w(y) = -y + 7. Give w(z).
7
Let k(a) be the first derivative of -a**4/4 - 4*a**3/3 + a**2/2 + 2*a + 9. Let n(y) = -y**2 + 5*y + 10. Let b be n(7). What is k(b)?
-2
Let g(z) = 4*z**2 + 6*z + 1. Let j(w) be the second derivative of 0 + 2*w + 1/12*w**4 + 0*w**2 + 1/6*w**3. Let o(h) = g(h) - 2*j(h). What is o(-3)?
7
Suppose 0 = -4*z - 0*z + 52. Let v = z + -8. Let m(o) = -4*o**2 + 2*o - 2. Let t(x) = x**2 - 1. Let u(h) = v*t(h) + m(h). Calculate u(-5).
8
Let c = 1 + 3. Suppose -2*n = -5*s + 23, 3*n - c*n - 13 = -3*s. Let q(d) = d**3 + 4*d**2 + 5. Calculate q(n).
5
Let x(w) be the second derivative of w**7/2520 - w**6/360 + w**5/40 + w**4/4 + 4*w. Let y(v) be the third derivative of x(v). What is y(2)?
3
Let h = -6 + 8. Let p(n) = 4*n**2 - 3*n + 1. Calculate p(h).
11
Suppose r + 4 = 5*j - 3*r, 2*j = -3*r + 20. Let n(x) be the first derivative of -3*x**2/2 + 6*x + 2. Give n(j).
-6
Suppose k = -3*a + 2*k - 11, -5*a = -3*k + 25. Let g(c) = c**2 + 3*c + 2. Let o(i) = i**2 + i. Let j(m) = g(m) - 2*o(m). Calculate j(a).
-4
Let d(y) = -1. Let r(i) be the third derivative of i**4/24 + i**3/6 + 5*i**2. Let a(k) = 3*d(k) + 4*r(k). Calculate a(-4).
-15
Let o(z) = 2*z - z - 3 + z**2 - 3*z + 4*z. What is o(-3)?
0
Let p be (-15)/(-6) - -5 - (-3)/6. Suppose -2*u = 3*a + 2*u + 52, 4*a + 5*u = -68. Let f be (p/a)/((-1)/(-6)). Let k(d) = d**3 + 3*d**2 - 3*d + 1. What is k(f)?
-3
Suppose -6*y + 2*y = 4*y. Let k(z) = -z + 2. Calculate k(y).
2
Let d(c) = c**3 + 6*c**2 + 3*c - 5. Let i(b) = 5*b**3 + 3*b + 3. Let j be i(-1). Calculate d(j).
5
Let i(m) = -m**3 - 9*m**2 - 7*m + 2. Let a be i(-8). Let u = 6 + a. Let h(y) = -y**3 + y**2 - y + 6. Determine h(u).
6
Let j(a) = -a**2 + 6*a - 6. Let y be j(5). Suppose -4*s - o + 16 = 0, 6 + 6 = 3*s + o. Let g = s - y. Let x(r) = -r + 9. Give x(g).
4
Let w = 78 - 50. Let q = w - 26. Let n(z) = 2*z**2 - 2*z + 2. Give n(q).
6
Suppose 2*j = -2*j + 8. Let o(g) be the first derivative of -g**4/4 + g**3/3 + g**2 + g + 3. What is o(j)?
1
Let d(l) be the first derivative of -4*l**3/3 + 4. Determine d(1).
-4
Let f(h) = h**2 + 7*h + 1. Let s = 7 - 13. Give f(s).
-5
Let i(m) be the second derivative of m**5/20 - 5*m**4/12 + 5*m**3/6 + 3*m. Let f(w) = -w**3 + 4*w**2 + 4. Let g be f(4). What is i(g)?
4
Let a = -8 + 10. Suppose n = 3*n - a*s - 4, -3*n - s = -18. Suppose n*j - j = 0. Let f(i) = -i + 8. Determine f(j).
8
Let a(g) = 2*g**3 + 5*g**2 + 3*g. Suppose 2*y - 1 = p, -12 = -0*p + 3*p + 3*y. Give a(p).
-18
Let a(q) = q**2 - q. Let j be -3 + 2 - (-17 - -2). Suppose -2*y = -0*y - j. Let k = y - 7. Determine a(k).
0
Let d be -1 - -1 - (-2 - 1). Suppose -r + 2*r = d. Let m(x) = -4*x**2 + 3*x**2 - r*x**2. Calculate m(-1).
-4
Let a be (15/22 + (-4)/22)*-8. Let z(y) = y + 1. Give z(a).
-3
Let p(a) = 4*a - 3 - 2 - 3*a. Suppose -5*o = -10*o + 15. What is p(o)?
-2
Let g(a) be the second derivative of -a**3/3 - 5*a**2/2 + a. Suppose -o = -4 + 1. Suppose 0 = -y - o*y - 16, -3*z - 4*y - 28 = 0. Determine g(z).
3
Let v = -3 - -2. Let c(y) = 5*y**2 - y - 2 + 0 - 8*y**2 + 1. Calculate c(v).
-3
Let w(x) = -2*x - 9. Let a(y) = -2*y - 9. Let c(u) = 4*a(u) - 5*w(u). Determine c(-8).
-7
Let k(g) = 3*g**3 - 2*g**2 - g. Let l be k(2). Let n = 9 - l. Let a(o) = -o - 8. Give a(n).
-3
Let a(z) = 4*z**3 + z**2. Let h be a(1). Let x(b) = -b - 21. Let f(m) = m + 14. Let c(u) = 7*f(u) + 5*x(u). Give c(h).
3
Suppose 2*g - 12 = -0. Let v be 3/g*40/4. Let o(n) = -n - 3. Give o(v).
-8
Let i(d) = 5*d**2 + 24*d - 41. Let l(g) = g**2 + 6*g - 10. Let m(c) = -2*i(c) + 9*l(c). Determine m(6).
-8
Let o(b) be the third derivative of -b**6/120 - b**5/60 + b**4/12 - 2*b**3/3 - 3*b**2. Let n be -3*(-1*2)/(-2). What is o(n)?
8
Let t = 7 + -10. Let r(q) = -5*q**2 + 9*q + 6. Let p(o) = -11*o**2 + 19*o + 13. Let l(b) = 6*p(b) - 13*r(b). Calculate l(t).
0
Let u(y) = -y**2 + 12*y + 18. Let n be u(13). Let o be ((-6)/n)/(2/5). Let s(l) = l**2 + 3. Give s(o).
12
Suppose -1 = g - 7. Let t = 7 - g. Suppose -t = 2*c + 1. Let s(y) = -3*y**3 + 2*y**2 + 2*y + 1. Give s(c).
4
Suppose -k - 4 + 6 = 0. Let g(w) = -3*w**k + 1 + 1 - 2*w + 2*w**2. Determine g(-3).
-1
Let z(n) be the third derivative of -n**6/120 + n**5/10 - n**4/3 + n**3/2 - 15*n**2. What is z(5)?
-12
Let b = 339 - 2029/6. Let p(o) be the se